{"id":309,"date":"2025-11-17T20:55:37","date_gmt":"2025-11-17T11:55:37","guid":{"rendered":"https:\/\/ikeguchi-kucho.com\/?page_id=309"},"modified":"2025-11-19T16:58:29","modified_gmt":"2025-11-19T07:58:29","slug":"%e5%bf%9c%e6%8f%b4%e5%8d%94%e5%8a%9b%e4%bc%9a%e7%a4%be%e6%a7%98-%e5%8b%9f%e9%9b%86-partner","status":"publish","type":"page","link":"https:\/\/ikeguchi-kucho.com\/?page_id=309","title":{"rendered":"\u5fdc\u63f4\u5354\u529b\u4f1a\u793e\u69d8 \u52df\u96c6"},"content":{"rendered":"\n<h3 class=\"wp-block-heading\"><strong>\u5171\u306b\u5948\u826f\u306e\u5feb\u9069\u3092\u652f\u3048\u308b\u30d1\u30fc\u30c8\u30ca\u30fc\u69d8\uff08\u5354\u529b\u4f1a\u793e\u30fb\u4e00\u4eba\u89aa\u65b9\uff09\u3092\u52df\u96c6\u3057\u307e\u3059<\/strong><\/h3>\n\n\n\n<figure class=\"wp-block-image size-large\"><img decoding=\"async\" width=\"1024\" height=\"576\" src=\"http:\/\/ikeguchi-kucho.com\/wp-content\/uploads\/2025\/11\/\u6c60\u53e3\u7a7a\u8abf\u8a2d\u5099\u5fdc\u63f4\u4f1a\u793e\u52df\u96c6\u5199\u771f-1024x576.jpg\" alt=\"\u5948\u826f\u306e\u7a7a\u8abf\u8a2d\u5099\u306a\u3089\u6c60\u53e3\u7a7a\u8abf\u8a2d\u5099\u3000\u5fdc\u63f4\u4f1a\u793e\u52df\u96c6\u5199\u771f\" class=\"wp-image-310\" srcset=\"https:\/\/ikeguchi-kucho.com\/wp-content\/uploads\/2025\/11\/\u6c60\u53e3\u7a7a\u8abf\u8a2d\u5099\u5fdc\u63f4\u4f1a\u793e\u52df\u96c6\u5199\u771f-1024x576.jpg 1024w, https:\/\/ikeguchi-kucho.com\/wp-content\/uploads\/2025\/11\/\u6c60\u53e3\u7a7a\u8abf\u8a2d\u5099\u5fdc\u63f4\u4f1a\u793e\u52df\u96c6\u5199\u771f-300x169.jpg 300w, https:\/\/ikeguchi-kucho.com\/wp-content\/uploads\/2025\/11\/\u6c60\u53e3\u7a7a\u8abf\u8a2d\u5099\u5fdc\u63f4\u4f1a\u793e\u52df\u96c6\u5199\u771f-768x432.jpg 768w, https:\/\/ikeguchi-kucho.com\/wp-content\/uploads\/2025\/11\/\u6c60\u53e3\u7a7a\u8abf\u8a2d\u5099\u5fdc\u63f4\u4f1a\u793e\u52df\u96c6\u5199\u771f-1536x864.jpg 1536w, https:\/\/ikeguchi-kucho.com\/wp-content\/uploads\/2025\/11\/\u6c60\u53e3\u7a7a\u8abf\u8a2d\u5099\u5fdc\u63f4\u4f1a\u793e\u52df\u96c6\u5199\u771f.jpg 1920w\" sizes=\"(max-width: 1024px) 100vw, 1024px\" \/><\/figure>\n\n\n\n<p>\u6c60\u53e3\u7a7a\u8abf\u8a2d\u5099\u306f\u3001\u5948\u826f\u5e02\u3092\u62e0\u70b9\u306b\u7a7a\u8abf\u8a2d\u5099\u306e\u65b0\u8a2d\u30fb\u5165\u308c\u66ff\u3048\u5de5\u4e8b\u3092\u884c\u3063\u3066\u304a\u308a\u307e\u3059 <sup><\/sup><sup><\/sup>\u3002 \u73fe\u5728\u3001\u4e8b\u696d\u62e1\u5927\u3068\u3001\u304a\u5ba2\u69d8\u3078\u306e\u3088\u308a\u8fc5\u901f\u306a\u5bfe\u5fdc\u3092\u5b9f\u73fe\u3059\u308b\u305f\u3081\u3001\u79c1\u305f\u3061\u306e\u73fe\u5834\u3092\u30b5\u30dd\u30fc\u30c8\u3057\u3066\u304f\u3060\u3055\u308b\u300c\u5fdc\u63f4\u5354\u529b\u300d\u30d1\u30fc\u30c8\u30ca\u30fc\u69d8\uff08\u6cd5\u4eba\u30fb\u500b\u4eba\u4e8b\u696d\u4e3b\u554f\u308f\u305a\uff09\u3092\u52df\u96c6\u3057\u3066\u304a\u308a\u307e\u3059 <sup><\/sup>\u3002<\/p>\n\n\n\n<div class=\"wpcf7 no-js\" id=\"wpcf7-f313-o1\" lang=\"ja\" dir=\"ltr\" data-wpcf7-id=\"313\">\n<div class=\"screen-reader-response\"><p role=\"status\" aria-live=\"polite\" aria-atomic=\"true\"><\/p> <ul><\/ul><\/div>\n<form action=\"\/index.php?rest_route=%2Fwp%2Fv2%2Fpages%2F309#wpcf7-f313-o1\" method=\"post\" class=\"wpcf7-form init\" aria-label=\"\u30b3\u30f3\u30bf\u30af\u30c8\u30d5\u30a9\u30fc\u30e0\" novalidate=\"novalidate\" data-status=\"init\">\n<fieldset class=\"hidden-fields-container\"><input type=\"hidden\" name=\"_wpcf7\" value=\"313\" \/><input type=\"hidden\" name=\"_wpcf7_version\" value=\"6.1.2\" \/><input type=\"hidden\" name=\"_wpcf7_locale\" value=\"ja\" \/><input type=\"hidden\" name=\"_wpcf7_unit_tag\" value=\"wpcf7-f313-o1\" \/><input type=\"hidden\" name=\"_wpcf7_container_post\" value=\"0\" \/><input type=\"hidden\" name=\"_wpcf7_posted_data_hash\" value=\"\" \/>\n<\/fieldset>\n<table class=\"CF7_table\">\n\t<tr>\n\t\t<th>\n\t\t\t<p><span class=\"CF7_req\">\u5fc5\u9808<\/span> \u4f1a\u793e\u540d\uff08\u5c4b\u53f7\uff09\n\t\t\t<\/p>\n\t\t<\/th>\n\t\t<td>\n\t\t\t<p><span class=\"wpcf7-form-control-wrap\" data-name=\"company-name\"><input size=\"40\" maxlength=\"400\" class=\"wpcf7-form-control wpcf7-text wpcf7-validates-as-required\" aria-required=\"true\" aria-invalid=\"false\" placeholder=\"\u4f8b\uff1a\u682a\u5f0f\u4f1a\u793e\u3007\u3007 \/ \u3007\u3007\u8a2d\u5099\" value=\"\" type=\"text\" name=\"company-name\" \/><\/span>\n\t\t\t<\/p>\n\t\t<\/td>\n\t<\/tr>\n\t<tr>\n\t\t<th>\n\t\t\t<p><span class=\"CF7_req\">\u5fc5\u9808<\/span> \u3054\u62c5\u5f53\u8005\u69d8\u540d\n\t\t\t<\/p>\n\t\t<\/th>\n\t\t<td>\n\t\t\t<p><span class=\"wpcf7-form-control-wrap\" data-name=\"your-name\"><input size=\"40\" maxlength=\"400\" class=\"wpcf7-form-control wpcf7-text wpcf7-validates-as-required\" aria-required=\"true\" aria-invalid=\"false\" placeholder=\"\u4f8b\uff1a\u5c71\u7530 \u592a\u90ce\" value=\"\" type=\"text\" name=\"your-name\" \/><\/span>\n\t\t\t<\/p>\n\t\t<\/td>\n\t<\/tr>\n\t<tr>\n\t\t<th>\n\t\t\t<p><span class=\"CF7_req\">\u5fc5\u9808<\/span>\u30d5\u30ea\u30ac\u30ca\n\t\t\t<\/p>\n\t\t<\/th>\n\t\t<td>\n\t\t\t<p><span class=\"wpcf7-form-control-wrap\" data-name=\"your-kana\"><input size=\"40\" maxlength=\"400\" class=\"wpcf7-form-control wpcf7-text wpcf7-validates-as-required\" aria-required=\"true\" aria-invalid=\"false\" placeholder=\"\u4f8b\uff1a\u30e4\u30de\u30c0 \u30bf\u30ed\u30a6\" value=\"\" type=\"text\" name=\"your-kana\" \/><\/span>\n\t\t\t<\/p>\n\t\t<\/td>\n\t<\/tr>\n\t<tr>\n\t\t<th>\n\t\t\t<p><span class=\"CF7_req\">\u5fc5\u9808<\/span> \u30e1\u30fc\u30eb\u30a2\u30c9\u30ec\u30b9\n\t\t\t<\/p>\n\t\t<\/th>\n\t\t<td>\n\t\t\t<p><span class=\"wpcf7-form-control-wrap\" data-name=\"your-email\"><input size=\"40\" maxlength=\"400\" class=\"wpcf7-form-control wpcf7-email wpcf7-validates-as-required wpcf7-text wpcf7-validates-as-email\" aria-required=\"true\" aria-invalid=\"false\" placeholder=\"\u4f8b\uff1a\u00d7\u00d7\u00d7@\u00d7\u00d7\u00d7.com\" value=\"\" type=\"email\" name=\"your-email\" \/><\/span>\n\t\t\t<\/p>\n\t\t<\/td>\n\t<\/tr>\n\t<tr>\n\t\t<th>\n\t\t\t<p><span class=\"CF7_req\">\u5fc5\u9808<\/span>\u304a\u96fb\u8a71\u756a\u53f7\n\t\t\t<\/p>\n\t\t<\/th>\n\t\t<td>\n\t\t\t<p><span class=\"wpcf7-form-control-wrap\" data-name=\"your-tel\"><input size=\"40\" maxlength=\"400\" class=\"wpcf7-form-control wpcf7-text wpcf7-validates-as-required\" aria-required=\"true\" aria-invalid=\"false\" placeholder=\"\u4f8b\uff1a03-1234-5678\" value=\"\" type=\"text\" name=\"your-tel\" \/><\/span>\n\t\t\t<\/p>\n\t\t<\/td>\n\t<\/tr>\n\t<tr>\n\t\t<th>\n\t\t\t<p><span class=\"CF7_opt\">\u4efb\u610f<\/span> \u90f5\u4fbf\u756a\u53f7\n\t\t\t<\/p>\n\t\t<\/th>\n\t\t<td>\n\t\t\t<p><span class=\"wpcf7-form-control-wrap\" data-name=\"zip\"><input size=\"40\" maxlength=\"400\" class=\"wpcf7-form-control wpcf7-text\" id=\"zip\" aria-invalid=\"false\" placeholder=\"\u4f8b\uff1a123-4567\" value=\"\" type=\"text\" name=\"zip\" \/><\/span>\n\t\t\t<\/p>\n\t\t<\/td>\n\t<\/tr>\n\t<tr>\n\t\t<th>\n\t\t\t<p><span class=\"CF7_opt\">\u4efb\u610f<\/span> \u3054\u4f4f\u6240\n\t\t\t<\/p>\n\t\t<\/th>\n\t\t<td class=\"address-100\">\n\t\t\t<p><span class=\"wpcf7-form-control-wrap\" data-name=\"addr\"><input size=\"40\" maxlength=\"400\" class=\"wpcf7-form-control wpcf7-text\" id=\"addr\" aria-invalid=\"false\" placeholder=\"\u4f8b\uff1a\u5948\u826f\u770c\u5948\u826f\u5e02\u3007\u3007\" value=\"\" type=\"text\" name=\"addr\" \/><\/span>\n\t\t\t<\/p>\n\t\t<\/td>\n\t<\/tr>\n\t<tr>\n\t\t<th>\n\t\t\t<p><span class=\"CF7_opt\">\u4efb\u610f<\/span> \u4e3b\u306a\u4e8b\u696d\u5185\u5bb9\n\t\t\t<\/p>\n\t\t<\/th>\n\t\t<td class=\"message-100\">\n\t\t\t<p><span class=\"wpcf7-form-control-wrap\" data-name=\"your-service\"><textarea cols=\"40\" rows=\"10\" maxlength=\"2000\" class=\"wpcf7-form-control wpcf7-textarea\" aria-invalid=\"false\" placeholder=\"\u4f8b\uff1a\u7a7a\u8abf\u8a2d\u5099\u5de5\u4e8b\u3001\u96fb\u6c17\u5de5\u4e8b\u306a\u3069\" name=\"your-service\"><\/textarea><\/span>\n\t\t\t<\/p>\n\t\t<\/td>\n\t<\/tr>\n\t<tr>\n\t\t<th>\n\t\t\t<p><span class=\"CF7_opt\">\u4efb\u610f<\/span> \u3054\u8cea\u554f\u30fb\u3054\u76f8\u8ac7\u306a\u3069\n\t\t\t<\/p>\n\t\t<\/th>\n\t\t<td class=\"message-100\">\n\t\t\t<p><span class=\"wpcf7-form-control-wrap\" data-name=\"your-message\"><textarea cols=\"40\" rows=\"10\" maxlength=\"2000\" class=\"wpcf7-form-control wpcf7-textarea\" aria-invalid=\"false\" name=\"your-message\"><\/textarea><\/span>\n\t\t\t<\/p>\n\t\t<\/td>\n\t<\/tr>\n<\/table>\n<p class=\"CF7_btn\"><input class=\"wpcf7-form-control wpcf7-submit has-spinner\" type=\"submit\" value=\"\u9001\u4fe1\u3059\u308b\" \/>\n<\/p><div class=\"wpcf7-response-output\" aria-hidden=\"true\"><\/div>\n<\/form>\n<\/div>\n\n","protected":false},"excerpt":{"rendered":"<p>\u5171\u306b\u5948\u826f\u306e\u5feb\u9069\u3092\u652f\u3048\u308b\u30d1\u30fc\u30c8\u30ca\u30fc\u69d8\uff08\u5354\u529b\u4f1a\u793e\u30fb\u4e00\u4eba\u89aa\u65b9\uff09\u3092\u52df\u96c6\u3057\u307e\u3059 \u6c60\u53e3\u7a7a\u8abf\u8a2d\u5099\u306f\u3001\u5948\u826f\u5e02\u3092\u62e0\u70b9\u306b\u7a7a\u8abf\u8a2d\u5099\u306e\u65b0\u8a2d\u30fb\u5165\u308c\u66ff\u3048\u5de5\u4e8b\u3092\u884c\u3063\u3066\u304a\u308a\u307e\u3059 \u3002 \u73fe\u5728\u3001\u4e8b\u696d\u62e1\u5927\u3068\u3001\u304a\u5ba2\u69d8\u3078\u306e\u3088\u308a\u8fc5\u901f\u306a\u5bfe\u5fdc\u3092\u5b9f\u73fe\u3059\u308b\u305f\u3081\u3001\u79c1\u305f\u3061\u306e\u73fe\u5834 [&hellip;]<\/p>\n","protected":false},"author":2,"featured_media":0,"parent":0,"menu_order":0,"comment_status":"closed","ping_status":"closed","template":"","meta":{"om_disable_all_campaigns":false,"_monsterinsights_skip_tracking":false,"_monsterinsights_sitenote_active":false,"_monsterinsights_sitenote_note":"","_monsterinsights_sitenote_category":0,"swell_btn_cv_data":"","footnotes":""},"class_list":["post-309","page","type-page","status-publish","hentry"],"aioseo_notices":[],"_links":{"self":[{"href":"https:\/\/ikeguchi-kucho.com\/index.php?rest_route=\/wp\/v2\/pages\/309","targetHints":{"allow":["GET"]}}],"collection":[{"href":"https:\/\/ikeguchi-kucho.com\/index.php?rest_route=\/wp\/v2\/pages"}],"about":[{"href":"https:\/\/ikeguchi-kucho.com\/index.php?rest_route=\/wp\/v2\/types\/page"}],"author":[{"embeddable":true,"href":"https:\/\/ikeguchi-kucho.com\/index.php?rest_route=\/wp\/v2\/users\/2"}],"replies":[{"embeddable":true,"href":"https:\/\/ikeguchi-kucho.com\/index.php?rest_route=%2Fwp%2Fv2%2Fcomments&post=309"}],"version-history":[{"count":3,"href":"https:\/\/ikeguchi-kucho.com\/index.php?rest_route=\/wp\/v2\/pages\/309\/revisions"}],"predecessor-version":[{"id":341,"href":"https:\/\/ikeguchi-kucho.com\/index.php?rest_route=\/wp\/v2\/pages\/309\/revisions\/341"}],"wp:attachment":[{"href":"https:\/\/ikeguchi-kucho.com\/index.php?rest_route=%2Fwp%2Fv2%2Fmedia&parent=309"}],"curies":[{"name":"wp","href":"https:\/\/api.w.org\/{rel}","templated":true}]}}